162, -18*k + 21*k = -x + a. Calculate the greatest common divisor of x and 32.
8
Let l be ((-144)/(-24))/(6/136). Let c be 9/((l/(-288))/(-17)). Let w(p) = p**2 + 5*p + 6. Let f be w(-6). What is the greatest common divisor of f and c?
12
Suppose 0 = -40*t + 795781 - 186821. Calculate the greatest common factor of t and 33.
11
Let p(j) = j**3 - 4*j - 1. Let g be p(3). Let y(c) = -6*c + 12 + 16*c - 9 - 3*c + 13. Let h be y(-2). What is the greatest common factor of g and h?
2
Let x be ((-285)/19)/(34/(-28) + 1). Let n be (-4)/7 + ((-46400)/x)/(-5). Suppose 0 = -6*t + 4*t + 44. What is the greatest common divisor of t and n?
22
Suppose 123 = 3*f - k - 2*k, 3*f = k + 131. Suppose -2*w + 92 = 4*r, -4*r - 1 = -w - 117. What is the greatest common divisor of r and f?
9
Let n be 8*(-6)/108 - 45335/(-45). What is the highest common divisor of 38 and n?
19
Let m be (-2)/(-4) - (-2 - 10/(-4)). Suppose -3*k - 36 + 105 = m. Calculate the greatest common divisor of k and 184.
23
Let a be 75114/540 - 2/20. What is the greatest common divisor of a and 11537?
139
Let y(i) = 190*i**2 + 3*i - 9. Let b be y(3). Let j be b/8 - -2 - (-1)/4. What is the greatest common divisor of j and 360?
72
Let k be 2128/84 + (-2)/(-3). Calculate the highest common divisor of 2600 and k.
26
Let v(b) = -b**3 - 5*b**2 + 13*b - 67. Let l be v(-9). What is the highest common factor of 896 and l?
28
Suppose -182*l - 178880 = -247*l. What is the highest common factor of l and 608?
32
Let q(k) = -k**3 + 27*k**2 - 4*k - 57. Let s be q(27). Let h = s + 1305. What is the greatest common factor of h and 60?
60
Let b = -2562 - -4135. Calculate the highest common divisor of b and 1001.
143
Let k = -16069 + 16328. What is the greatest common divisor of 35 and k?
7
Let y = 130 + -124. Let g be ((-23)/(184/(-48)))/(4/y). What is the highest common divisor of g and 6?
3
Let c be (-4)/16 - ((-5515)/28 - (-88)/(-308)). Calculate the greatest common factor of 86483 and c.
197
Suppose -30759 - 71051 = -23*d + 28646. What is the greatest common divisor of d and 8?
8
Let t(k) = -k + 2. Let l be t(-3). Suppose 4*g + g + d = -28, l*g - 2*d = -19. Let a = g - -26. Calculate the highest common divisor of 3 and a.
3
Suppose 0*z + 3*z + 1757 = m, 2*m - 2*z - 3502 = 0. Let u be (3/2)/(114/m). What is the highest common factor of u and 161?
23
Let o = -20 - -23. Suppose -o*d + 205 = 2*d - h, 0 = h - 5. What is the highest common factor of d and 84?
42
Suppose 3*a - 3*r = 729, 3*a + 5*r - 503 = 162. Calculate the highest common factor of a and 8366.
47
Suppose 26*o = 32*o - 28*o + 31042. What is the greatest common divisor of o and 664?
83
Suppose 4 = 2*y, 5*v + 51*y + 2 = 47*y. Let z be (1/3*v)/((-57)/37962). What is the highest common factor of z and 48?
12
Let v = 91 + -32. Suppose 2*i + 8*x - 4*x = 806, i + 5*x = 388. What is the greatest common factor of i and v?
59
Let c = -255 + 246. Let a be 458/22 - c*(-24)/(-1188). Suppose -3*k + 924 = k. Calculate the highest common factor of a and k.
21
Suppose 2*v - 2*i - 258 = 0, 3*v - i - 332 = 53. Let k be (0 - 32)*(-42 + 255/15 - -22). What is the highest common factor of k and v?
32
Let r = -110307 - -110324. Let h = 52 + -35. What is the highest common factor of h and r?
17
Let z(f) = 245*f**2 - 3. Let l be z(1). Let a = 4955 + -4933. Calculate the greatest common factor of l and a.
22
Let t be ((-5)/(-2))/((-2)/(-4)). Suppose 4*m + 3*z = -17, 0*m - 3*z = 5*m + 19. Let d be 4/12*(m + 3 + 5). What is the greatest common divisor of t and d?
1
Suppose 3*b = 13064 - 1487. What is the greatest common factor of b and 34?
17
Let k be ((-42)/70)/((-30)/100) + 3970*2. What is the highest common factor of 11 and k?
11
Suppose -14*g = -12*g + 4*y - 410, 408 = 2*g + 2*y. Let z = g + -183. Let s(m) = 2*m**3 - 4. Let h be s(3). Calculate the greatest common factor of h and z.
10
Let y = -273 - -276. Let u be (3/(y/493))/(43 - 42). Calculate the greatest common factor of 17 and u.
17
Let s(d) = -2*d**2 - 83*d + 21. Let t be s(-16). What is the greatest common divisor of 432 and t?
27
Suppose 33*r - 8598 - 1632 = 0. Suppose -4*a + 73 = 33. Calculate the highest common factor of r and a.
10
Let r(w) = 2*w**3 - 27*w**2 + 57*w - 40. Let k be r(12). Calculate the highest common divisor of 9540 and k.
212
Let j(y) = y**2 - 15*y - 147. Let n be j(22). Suppose -n*z - 18 = -8*z. What is the greatest common divisor of 18 and z?
18
Suppose 0 = 4*g - 18*g + 3124 + 1874. Calculate the greatest common factor of 21 and g.
21
Let v = -107 + 212. Let t = 107 + -65. What is the greatest common factor of t and v?
21
Let k(s) = -s**2 - 10*s + 1. Let d be k(-9). Suppose 5*a = d + 45. Suppose 6*b = -i + 64, -5*i = 2*b - b - 1. What is the greatest common divisor of a and b?
11
Suppose -9 = -y + 2. Suppose z = -3, 0 = 7*a - 4*a - 2*z - 6. Suppose a = -36*j + 34*j + 2. What is the greatest common factor of j and y?
1
Let x be (1 - 1) + 31 + -1. Let p(k) = 8463*k + 26079. Let h be p(-3). Calculate the greatest common divisor of x and h.
30
Suppose j = 3*s + 1, 26*j - 31*j + 29 = -3*s. Calculate the greatest common factor of j and 13111.
7
Let f = -35 + 53. Suppose 4*x + 60 = 2*r, -3*r = -x - 83 - 7. What is the highest common factor of r and f?
6
Let z = 208 + 9. Calculate the greatest common divisor of z and 14.
7
Let a = 231 - 147. Let o(v) = -115*v**2 - v. Let p be o(-1). Let d be p/(-9) + 4/(-6). Calculate the highest common divisor of a and d.
12
Let h be -368*((-6)/33 + -5*(-36)/(-99)). Calculate the highest common factor of h and 160.
32
Suppose 5*h + 12 - 27 = 0. Suppose -9 = 2*p - h. Let n be p/(((-9)/8)/9). Calculate the greatest common factor of n and 36.
12
Suppose 18*b - q + 42 = 22*b, 5*b = 2*q + 59. Suppose -925 = -b*g - 232. Calculate the highest common factor of g and 21.
21
Suppose 3696 = 864*r - 860*r. What is the highest common divisor of r and 210?
42
Let x(d) = 426*d**2 - 456*d + 1. Let z be x(2). What is the greatest common factor of 234 and z?
13
Let r be (24/(-48))/(1/(-58)). Suppose 2*t + p - r = 6*p, -2*t + p + 17 = 0. Let x = t + 7. What is the highest common divisor of x and 28?
14
Let r be 4122/(-3664)*(-912)/9. Suppose 0 = 2*x - 0*x - 4*z - 296, 10 = 5*z. Calculate the greatest common factor of r and x.
38
Let m = 1898 + -1645. Calculate the highest common divisor of m and 44.
11
Let b = 87 + -36. Let l = -540 - -468. Let i be 3/18 - 6108/l. Calculate the highest common factor of b and i.
17
Let z(d) = -72*d - 2. Let k be z(-1). What is the highest common factor of 290 and k?
10
Let f = 4 + 8. Let b be (-8)/(-1 - -73) - (-469)/9. Calculate the greatest common factor of f and b.
4
Let g(q) = -17*q**3 + 11*q**2 + q - 36. Let f be g(-2). What is the greatest common factor of 4757 and f?
71
Let d = -586 - -1211. Let q be (d/20)/(-5)*-16. What is the highest common factor of q and 60?
20
Suppose -4*s = 2*o - 468, -5*o = 16*s - 11*s - 1205. Let a be 3*((-80)/3)/(-5). Calculate the greatest common divisor of a and o.
8
Suppose -9*y - 14 = -10*y. Suppose y - 68 = -27*k. What is the greatest common factor of k and 4?
2
Let s(v) = v**3 + 65*v**2 - 53*v + 409. Let y be s(-61). What is the highest common divisor of 118 and y?
118
Suppose 0 = 5*o + 37*x - 33*x - 7654, o = 4*x + 1550. What is the highest common factor of o and 885?
59
Let t(n) = 3753*n - 633. Let x be t(1). What is the greatest common factor of 400 and x?
80
Suppose 7332 = 18*o - 78*o + 31752. Calculate the highest common divisor of o and 297.
11
Let w = 6992 - 6978. Suppose -4*t + 3*b + 955 = 0, 757 - 47 = 3*t + 4*b. What is the highest common divisor of w and t?
14
Let n(g) = -163*g - 626. Let a be n(-7). Calculate the greatest common divisor of 10 and a.
5
Let f(d) = -4*d**2 - 18*d + 12. Let v be f(-8). Let k = 116 + v. What is the highest common factor of 8 and k?
8
Suppose 7*u - 94 = 81. Let r(o) = -5 + 16*o - 10 - u*o. Let m be r(-7). Calculate the greatest common factor of m and 8.
8
Let b(s) = -3*s**2 - 3*s - 2. Let k(f) = 4*f**2 + 3*f + 2. Let j(y) = -5*b(y) - 4*k(y). Let u be j(2). What is the highest common divisor of 196 and u?
4
Suppose 2*a + 40*o - 44*o = 12, 0 = 2*a + o + 3. Suppose a = 5*b + 3*l, -5*l - 13 = -5*b + 27. Calculate the greatest common divisor of b and 16.
1
Let i = -1 - 43. Let x